{"id":87,"date":"2024-05-14T13:09:27","date_gmt":"2024-05-14T13:09:27","guid":{"rendered":"https:\/\/uj.okoshitel.hu\/?page_id=87"},"modified":"2025-09-08T15:00:58","modified_gmt":"2025-09-08T15:00:58","slug":"hitelkivalto-hitel","status":"publish","type":"page","link":"https:\/\/uj.okoshitel.hu\/index.php\/hitelkivalto-hitel\/","title":{"rendered":"Hitelkiv\u00e1lt\u00f3 hitel"},"content":{"rendered":"\t\t<div data-elementor-type=\"wp-page\" data-elementor-id=\"87\" class=\"elementor elementor-87\" data-elementor-post-type=\"page\">\n\t\t\t\t<div class=\"elementor-element elementor-element-5cb43eb e-flex e-con-boxed e-con e-parent\" data-id=\"5cb43eb\" data-element_type=\"container\" data-settings=\"{&quot;background_background&quot;:&quot;gradient&quot;}\">\n\t\t\t\t\t<div class=\"e-con-inner\">\n\t\t\t\t<div class=\"elementor-element elementor-element-3321cd6 elementor-widget elementor-widget-heading\" data-id=\"3321cd6\" data-element_type=\"widget\" data-widget_type=\"heading.default\">\n\t\t\t\t\t<h1 class=\"elementor-heading-title elementor-size-default\">Hitelkiv\u00e1lt\u00f3 hitel<\/h1>\t\t\t\t<\/div>\n\t\t\t\t<div class=\"elementor-element elementor-element-bda5019 elementor-widget elementor-widget-text-editor\" data-id=\"bda5019\" data-element_type=\"widget\" data-widget_type=\"text-editor.default\">\n\t\t\t\t\t\t\t\t\t<p>Hitelkiv\u00e1lt\u00f3 hitelt a bank hitelkiv\u00e1lt\u00e1sra ad. Teh\u00e1t jellemz\u0151en nem kapcsol\u00f3dik hozz\u00e1 sem szabad felhaszn\u00e1l\u00e1s\u00fa r\u00e9sz, sem pedig semmi egy\u00e9b, nem jelz\u00e1log alap\u00fa hitel belefoglal\u00e1sa. Mi tartozhat azonban bele m\u00e9gis a kiv\u00e1ltand\u00f3 t\u0151k\u00e9n fel\u00fcl?<\/p>\t\t\t\t\t\t\t\t<\/div>\n\t\t\t\t\t<\/div>\n\t\t\t\t<\/div>\n\t\t<div class=\"elementor-element elementor-element-dc9edfb e-flex e-con-boxed e-con e-parent\" data-id=\"dc9edfb\" data-element_type=\"container\" data-settings=\"{&quot;background_background&quot;:&quot;classic&quot;}\">\n\t\t\t\t\t<div class=\"e-con-inner\">\n\t\t<div class=\"elementor-element elementor-element-39f8156 e-con-full e-flex e-con e-child\" data-id=\"39f8156\" data-element_type=\"container\">\n\t\t\t\t<div class=\"elementor-element elementor-element-3b8a4db elementor-widget elementor-widget-n-accordion\" data-id=\"3b8a4db\" data-element_type=\"widget\" data-settings=\"{&quot;default_state&quot;:&quot;all_collapsed&quot;,&quot;max_items_expended&quot;:&quot;one&quot;,&quot;n_accordion_animation_duration&quot;:{&quot;unit&quot;:&quot;ms&quot;,&quot;size&quot;:400,&quot;sizes&quot;:[]}}\" data-widget_type=\"nested-accordion.default\">\n\t\t\t\t\t\t\t<div class=\"e-n-accordion\" aria-label=\"Accordion. Open links with Enter or Space, close with Escape, and navigate with Arrow Keys\">\n\t\t\t\t\t\t<details id=\"e-n-accordion-item-6240\" class=\"e-n-accordion-item\" >\n\t\t\t\t<summary class=\"e-n-accordion-item-title\" data-accordion-index=\"1\" tabindex=\"0\" aria-expanded=\"false\" aria-controls=\"e-n-accordion-item-6240\" >\n\t\t\t\t\t<span class='e-n-accordion-item-title-header'><div class=\"e-n-accordion-item-title-text\"> Tartal\u00e9kk\u00e9pz\u00e9s <\/div><\/span>\n\t\t\t\t\t\t\t<span class='e-n-accordion-item-title-icon'>\n\t\t\t<span class='e-opened' ><svg aria-hidden=\"true\" class=\"e-font-icon-svg e-fas-minus\" viewBox=\"0 0 448 512\" xmlns=\"http:\/\/www.w3.org\/2000\/svg\"><path d=\"M416 208H32c-17.67 0-32 14.33-32 32v32c0 17.67 14.33 32 32 32h384c17.67 0 32-14.33 32-32v-32c0-17.67-14.33-32-32-32z\"><\/path><\/svg><\/span>\n\t\t\t<span class='e-closed'><svg aria-hidden=\"true\" class=\"e-font-icon-svg e-fas-plus\" viewBox=\"0 0 448 512\" xmlns=\"http:\/\/www.w3.org\/2000\/svg\"><path d=\"M416 208H272V64c0-17.67-14.33-32-32-32h-32c-17.67 0-32 14.33-32 32v144H32c-17.67 0-32 14.33-32 32v32c0 17.67 14.33 32 32 32h144v144c0 17.67 14.33 32 32 32h32c17.67 0 32-14.33 32-32V304h144c17.67 0 32-14.33 32-32v-32c0-17.67-14.33-32-32-32z\"><\/path><\/svg><\/span>\n\t\t<\/span>\n\n\t\t\t\t\t\t<\/summary>\n\t\t\t\t<div role=\"region\" aria-labelledby=\"e-n-accordion-item-6240\" class=\"elementor-element elementor-element-14c2f02 e-con-full e-flex e-con e-child\" data-id=\"14c2f02\" data-element_type=\"container\">\n\t\t<div role=\"region\" aria-labelledby=\"e-n-accordion-item-6240\" class=\"elementor-element elementor-element-000ba45 e-flex e-con-boxed e-con e-child\" data-id=\"000ba45\" data-element_type=\"container\">\n\t\t\t\t\t<div class=\"e-con-inner\">\n\t\t\t\t<div class=\"elementor-element elementor-element-61e588e elementor-widget elementor-widget-text-editor\" data-id=\"61e588e\" data-element_type=\"widget\" data-widget_type=\"text-editor.default\">\n\t\t\t\t\t\t\t\t\t<p>A hitelkiv\u00e1lt\u00e1st biztos\u00edt\u00f3 bank csak akkor utalja el a kiv\u00e1ltand\u00f3 t\u0151k\u00e9t, ha biztos lehet benne, hogy a kiv\u00e1ltott hitelt a kiv\u00e1ltand\u00f3 bank le is fogja z\u00e1rni. Mi hi\u00fas\u00edthatja ezt meg? Pl. az, ha id\u0151k\u00f6zben elmaradt a t\u00f6rleszt\u00e9s \u00e9s emiatt a hitelkiv\u00e1lt\u00e1sra szolg\u00e1l\u00f3 \u00f6sszeg nem fedezne minden tartoz\u00e1st. Hogy ezt elker\u00fclj\u00e9k, a kiv\u00e1lt\u00f3 bankok eleve magasabb \u00f6sszeget utalnak el a kiv\u00e1ltand\u00f3 banknak, jellemz\u0151en a t\u0151ke 1%-\u00e1t vagy 1-2 havi t\u00f6rleszt\u0151nek megfelel\u0151 \u00f6sszeget.<\/p><p class=\"et_pb_toggle_title\"><strong>Mi van akkor, ha ez sem el\u00e9g?<\/strong><\/p><div class=\"et_pb_toggle_content clearfix\"><p>Akkor csak \u00fagy tud megval\u00f3sulni a hitelkiv\u00e1lt\u00e1s, hogy ha \u00d6n a k\u00fcl\u00f6nb\u00f6zetet ki tudja p\u00f3tolni, ellenkez\u0151 esetben a r\u00e9gi bank nem z\u00e1rja le a hitel\u00e9t. M\u00e1sik verzi\u00f3, hogy ha minden egy\u00e9b felt\u00e9tel lehet\u0151v\u00e9 teszi, k\u00e9rnie kell egy \u00faj d\u00f6nt\u00e9st a hitelkiv\u00e1lt\u00e1st ny\u00fajt\u00f3 bankt\u00f3l egy magasabb \u00f6sszegr\u0151l, ami m\u00e1r biztosan elegend\u0151 lesz.<\/p><p class=\"et_pb_toggle_title\"><strong>Mi van akkor, ha megmarad ez a t\u00f6bblet?<\/strong><\/p><div class=\"et_pb_toggle_content clearfix\"><p>Ebben az esetben az a kiv\u00e1ltott bankn\u00e1l vezetett sz\u00e1ml\u00e1j\u00e1n hever, \u00e9s \u00d6n szabadon rendelkezhet majd vele vagy pedig a kiv\u00e1ltott bank automatikusan visszautalja a megmaradt k\u00fcl\u00f6nb\u00f6zetet a kiv\u00e1lt\u00f3 banknak. Ilyenkor \u00e1ltal\u00e1ban elv\u00e9sz a rendelkez\u00e9s lehet\u0151s\u00e9ge, az \u00edgy maradt \u00f6sszeget automatikusan el\u0151t\u00f6rleszt\u00e9sre ford\u00edtja a kiv\u00e1lt\u00f3 bank, s k\u00fcld err\u0151l \u00d6nnek egy \u00faj, \u00fan. foly\u00f3s\u00edt\u00e1si \u00e9rtes\u00edt\u0151t, amiben le\u00edrja, hogy ennek folyt\u00e1n mennyire cs\u00f6kken le az eredeti (pufferrel n\u00f6velt \u00f6sszeget is tartalmaz\u00f3) t\u00f6rleszt\u0151 \u00f6sszege.<\/p><\/div><\/div>\t\t\t\t\t\t\t\t<\/div>\n\t\t\t\t\t<\/div>\n\t\t\t\t<\/div>\n\t\t\t\t<\/div>\n\t\t\t\t\t<\/details>\n\t\t\t\t\t<\/div>\n\t\t\t\t\t\t<\/div>\n\t\t\t\t<div class=\"elementor-element elementor-element-4c90f17 elementor-widget elementor-widget-n-accordion\" data-id=\"4c90f17\" data-element_type=\"widget\" data-settings=\"{&quot;default_state&quot;:&quot;all_collapsed&quot;,&quot;max_items_expended&quot;:&quot;one&quot;,&quot;n_accordion_animation_duration&quot;:{&quot;unit&quot;:&quot;ms&quot;,&quot;size&quot;:400,&quot;sizes&quot;:[]}}\" data-widget_type=\"nested-accordion.default\">\n\t\t\t\t\t\t\t<div class=\"e-n-accordion\" aria-label=\"Accordion. Open links with Enter or Space, close with Escape, and navigate with Arrow Keys\">\n\t\t\t\t\t\t<details id=\"e-n-accordion-item-8020\" class=\"e-n-accordion-item\" >\n\t\t\t\t<summary class=\"e-n-accordion-item-title\" data-accordion-index=\"1\" tabindex=\"0\" aria-expanded=\"false\" aria-controls=\"e-n-accordion-item-8020\" >\n\t\t\t\t\t<span class='e-n-accordion-item-title-header'><div class=\"e-n-accordion-item-title-text\"> Egyszeri k\u00f6lts\u00e9gek <\/div><\/span>\n\t\t\t\t\t\t\t<span class='e-n-accordion-item-title-icon'>\n\t\t\t<span class='e-opened' ><svg aria-hidden=\"true\" class=\"e-font-icon-svg e-fas-minus\" viewBox=\"0 0 448 512\" xmlns=\"http:\/\/www.w3.org\/2000\/svg\"><path d=\"M416 208H32c-17.67 0-32 14.33-32 32v32c0 17.67 14.33 32 32 32h384c17.67 0 32-14.33 32-32v-32c0-17.67-14.33-32-32-32z\"><\/path><\/svg><\/span>\n\t\t\t<span class='e-closed'><svg aria-hidden=\"true\" class=\"e-font-icon-svg e-fas-plus\" viewBox=\"0 0 448 512\" xmlns=\"http:\/\/www.w3.org\/2000\/svg\"><path d=\"M416 208H272V64c0-17.67-14.33-32-32-32h-32c-17.67 0-32 14.33-32 32v144H32c-17.67 0-32 14.33-32 32v32c0 17.67 14.33 32 32 32h144v144c0 17.67 14.33 32 32 32h32c17.67 0 32-14.33 32-32V304h144c17.67 0 32-14.33 32-32v-32c0-17.67-14.33-32-32-32z\"><\/path><\/svg><\/span>\n\t\t<\/span>\n\n\t\t\t\t\t\t<\/summary>\n\t\t\t\t<div role=\"region\" aria-labelledby=\"e-n-accordion-item-8020\" class=\"elementor-element elementor-element-7ecbd3b e-con-full e-flex e-con e-child\" data-id=\"7ecbd3b\" data-element_type=\"container\">\n\t\t<div role=\"region\" aria-labelledby=\"e-n-accordion-item-8020\" class=\"elementor-element elementor-element-92bc4f4 e-flex e-con-boxed e-con e-child\" data-id=\"92bc4f4\" data-element_type=\"container\">\n\t\t\t\t\t<div class=\"e-con-inner\">\n\t\t\t\t<div class=\"elementor-element elementor-element-86dc18d elementor-widget elementor-widget-text-editor\" data-id=\"86dc18d\" data-element_type=\"widget\" data-widget_type=\"text-editor.default\">\n\t\t\t\t\t\t\t\t\t<p>A hitelkiv\u00e1lt\u00f3 hitel is pont \u00fagy vehet\u0151 fel, mint az \u00f6sszes t\u00f6bbi jelz\u00e1loghitel (p\u00e9ld\u00e1ul lak\u00e1shitel, \u00e9p\u00edt\u00e9si hitel vagy szabad felhaszn\u00e1l\u00e1s\u00fa hitel), azaz \u00e9rt\u00e9kbecsl\u00e9ssel indul, f\u00f6ldhivatalb\u00f3l lek\u00e9rt tulajdoni lappal \u00e9s sz\u00fcks\u00e9g szerint t\u00e9rk\u00e9pm\u00e1solattal, majd d\u00f6nt\u00e9s ut\u00e1n szerz\u0151d\u00e9sk\u00f6t\u00e9si, foly\u00f3s\u00edt\u00e1si d\u00edj \u00e9s k\u00f6zjegyz\u0151i d\u00edj megfizet\u00e9s\u00e9vel z\u00e1rul. Nagyobb \u00f6sszeg\u0171 hitelekn\u00e9l a 1,5%-os banki d\u00edj \u00e9s a k\u00f6zjegyz\u0151i d\u00edj \u00f6nmag\u00e1ban is t\u00f6bbsz\u00e1zezres nagys\u00e1grend\u0171 t\u00e9tel lehet, ez\u00e9rt t\u00f6bb hitelkiv\u00e1lt\u00e1ssal foglalkoz\u00f3 bank is felk\u00edn\u00e1lja annak lehet\u0151s\u00e9g\u00e9t, hogy ezeket egy\u00e1ltal\u00e1n ne kelljen azonnal kifizetnie, hanem elengedik, \u00e1tv\u00e1llalj\u00e1k n\u00e9melyiket, esetleg \u00f6sszeg\u00fckkel meg lehet n\u00f6velni a hitelkiv\u00e1lt\u00e1sra szolg\u00e1l\u00f3 hitel t\u0151ke \u00f6sszeg\u00e9t. Persze ilyenkor kamatostul kell kifizetni ezeket a k\u00f6lts\u00e9geket is, de ha nincsen abban a pillanatban t\u00f6bb sz\u00e1zezer Ft-ja csak a hitelkiv\u00e1lt\u00f3 hitel indul\u00f3 k\u00f6lts\u00e9geire, akkor ez j\u00f3l j\u00f6n, cser\u00e9be a t\u00f6rleszt\u0151 minim\u00e1lis m\u00e9rt\u00e9kben emelkedik csak meg.<\/p>\t\t\t\t\t\t\t\t<\/div>\n\t\t\t\t\t<\/div>\n\t\t\t\t<\/div>\n\t\t\t\t<\/div>\n\t\t\t\t\t<\/details>\n\t\t\t\t\t<\/div>\n\t\t\t\t\t\t<\/div>\n\t\t\t\t<div class=\"elementor-element elementor-element-a5e1b0f elementor-widget elementor-widget-n-accordion\" data-id=\"a5e1b0f\" data-element_type=\"widget\" data-settings=\"{&quot;default_state&quot;:&quot;all_collapsed&quot;,&quot;max_items_expended&quot;:&quot;one&quot;,&quot;n_accordion_animation_duration&quot;:{&quot;unit&quot;:&quot;ms&quot;,&quot;size&quot;:400,&quot;sizes&quot;:[]}}\" data-widget_type=\"nested-accordion.default\">\n\t\t\t\t\t\t\t<div class=\"e-n-accordion\" aria-label=\"Accordion. Open links with Enter or Space, close with Escape, and navigate with Arrow Keys\">\n\t\t\t\t\t\t<details id=\"e-n-accordion-item-1730\" class=\"e-n-accordion-item\" >\n\t\t\t\t<summary class=\"e-n-accordion-item-title\" data-accordion-index=\"1\" tabindex=\"0\" aria-expanded=\"false\" aria-controls=\"e-n-accordion-item-1730\" >\n\t\t\t\t\t<span class='e-n-accordion-item-title-header'><div class=\"e-n-accordion-item-title-text\"> V\u00e9gt\u00f6rleszt\u00e9si d\u00edj <\/div><\/span>\n\t\t\t\t\t\t\t<span class='e-n-accordion-item-title-icon'>\n\t\t\t<span class='e-opened' ><svg aria-hidden=\"true\" class=\"e-font-icon-svg e-fas-minus\" viewBox=\"0 0 448 512\" xmlns=\"http:\/\/www.w3.org\/2000\/svg\"><path d=\"M416 208H32c-17.67 0-32 14.33-32 32v32c0 17.67 14.33 32 32 32h384c17.67 0 32-14.33 32-32v-32c0-17.67-14.33-32-32-32z\"><\/path><\/svg><\/span>\n\t\t\t<span class='e-closed'><svg aria-hidden=\"true\" class=\"e-font-icon-svg e-fas-plus\" viewBox=\"0 0 448 512\" xmlns=\"http:\/\/www.w3.org\/2000\/svg\"><path d=\"M416 208H272V64c0-17.67-14.33-32-32-32h-32c-17.67 0-32 14.33-32 32v144H32c-17.67 0-32 14.33-32 32v32c0 17.67 14.33 32 32 32h144v144c0 17.67 14.33 32 32 32h32c17.67 0 32-14.33 32-32V304h144c17.67 0 32-14.33 32-32v-32c0-17.67-14.33-32-32-32z\"><\/path><\/svg><\/span>\n\t\t<\/span>\n\n\t\t\t\t\t\t<\/summary>\n\t\t\t\t<div role=\"region\" aria-labelledby=\"e-n-accordion-item-1730\" class=\"elementor-element elementor-element-cc07187 e-con-full e-flex e-con e-child\" data-id=\"cc07187\" data-element_type=\"container\">\n\t\t<div role=\"region\" aria-labelledby=\"e-n-accordion-item-1730\" class=\"elementor-element elementor-element-2dfc8e8 e-flex e-con-boxed e-con e-child\" data-id=\"2dfc8e8\" data-element_type=\"container\">\n\t\t\t\t\t<div class=\"e-con-inner\">\n\t\t\t\t<div class=\"elementor-element elementor-element-8f0aeed elementor-widget elementor-widget-text-editor\" data-id=\"8f0aeed\" data-element_type=\"widget\" data-widget_type=\"text-editor.default\">\n\t\t\t\t\t\t\t\t\t<p>Szint\u00e9n a hitelkiv\u00e1lt\u00e1s k\u00f6lts\u00e9geihez tartozik az a d\u00edjelem, amit a kiv\u00e1ltott bankn\u00e1l kell megfizetni az\u00e9rt, mert id\u0151 el\u0151tt visszafizeti a hitel\u00e9t. Ennek maxim\u00e1lis m\u00e9rt\u00e9ke most m\u00e1r jogszab\u00e1lyban r\u00f6gz\u00edtett. Jelenleg ez legfeljebb a visszafizetett hitel t\u0151ke \u00f6sszeg\u00e9nek 2%-a, Min\u0151s\u00edtett Fogyaszt\u00f3bar\u00e1t Lak\u00e1shitelekn\u00e9l (l.\u00a0<a href=\"http:\/\/www.minositetthitel.hu-t\/\">www.minositetthitel.hu-t<\/a>\u00a0az MNB oldal\u00e1n) pedig legfeljebb 1%-a lehet. Egy nagyobb hiteln\u00e9l ennek kifizet\u00e9se is neh\u00e9zs\u00e9get jelenthet, pl. egy 30 milli\u00f3s hiteln\u00e9l 2% az \u00f6nmag\u00e1ban 600.000 Ft, ez\u00e9rt a hitelkiv\u00e1lt\u00e1st biztos\u00edt\u00f3 bankok sok esetben hajland\u00f3ak ezt az \u00f6sszeget is bele\u00e9rteni a kiv\u00e1ltand\u00f3 t\u0151ke \u00f6sszeg\u00e9be.<\/p>\t\t\t\t\t\t\t\t<\/div>\n\t\t\t\t\t<\/div>\n\t\t\t\t<\/div>\n\t\t\t\t<\/div>\n\t\t\t\t\t<\/details>\n\t\t\t\t\t<\/div>\n\t\t\t\t\t\t<\/div>\n\t\t\t\t<\/div>\n\t\t<div class=\"elementor-element elementor-element-b28b884 e-con-full e-flex e-con e-child\" data-id=\"b28b884\" data-element_type=\"container\">\n\t\t\t\t<div class=\"elementor-element elementor-element-c0f3ec4 elementor-widget elementor-widget-n-accordion\" data-id=\"c0f3ec4\" data-element_type=\"widget\" data-settings=\"{&quot;default_state&quot;:&quot;all_collapsed&quot;,&quot;max_items_expended&quot;:&quot;one&quot;,&quot;n_accordion_animation_duration&quot;:{&quot;unit&quot;:&quot;ms&quot;,&quot;size&quot;:400,&quot;sizes&quot;:[]}}\" data-widget_type=\"nested-accordion.default\">\n\t\t\t\t\t\t\t<div class=\"e-n-accordion\" aria-label=\"Accordion. Open links with Enter or Space, close with Escape, and navigate with Arrow Keys\">\n\t\t\t\t\t\t<details id=\"e-n-accordion-item-2020\" class=\"e-n-accordion-item\" >\n\t\t\t\t<summary class=\"e-n-accordion-item-title\" data-accordion-index=\"1\" tabindex=\"0\" aria-expanded=\"false\" aria-controls=\"e-n-accordion-item-2020\" >\n\t\t\t\t\t<span class='e-n-accordion-item-title-header'><div class=\"e-n-accordion-item-title-text\"> A kiv\u00e1ltand\u00f3 hitel felv\u00e9telekor elengedett egyszeri d\u00edjak megt\u00e9r\u00edt\u00e9se <\/div><\/span>\n\t\t\t\t\t\t\t<span class='e-n-accordion-item-title-icon'>\n\t\t\t<span class='e-opened' ><svg aria-hidden=\"true\" class=\"e-font-icon-svg e-fas-minus\" viewBox=\"0 0 448 512\" xmlns=\"http:\/\/www.w3.org\/2000\/svg\"><path d=\"M416 208H32c-17.67 0-32 14.33-32 32v32c0 17.67 14.33 32 32 32h384c17.67 0 32-14.33 32-32v-32c0-17.67-14.33-32-32-32z\"><\/path><\/svg><\/span>\n\t\t\t<span class='e-closed'><svg aria-hidden=\"true\" class=\"e-font-icon-svg e-fas-plus\" viewBox=\"0 0 448 512\" xmlns=\"http:\/\/www.w3.org\/2000\/svg\"><path d=\"M416 208H272V64c0-17.67-14.33-32-32-32h-32c-17.67 0-32 14.33-32 32v144H32c-17.67 0-32 14.33-32 32v32c0 17.67 14.33 32 32 32h144v144c0 17.67 14.33 32 32 32h32c17.67 0 32-14.33 32-32V304h144c17.67 0 32-14.33 32-32v-32c0-17.67-14.33-32-32-32z\"><\/path><\/svg><\/span>\n\t\t<\/span>\n\n\t\t\t\t\t\t<\/summary>\n\t\t\t\t<div role=\"region\" aria-labelledby=\"e-n-accordion-item-2020\" class=\"elementor-element elementor-element-0034fce e-con-full e-flex e-con e-child\" data-id=\"0034fce\" data-element_type=\"container\">\n\t\t<div role=\"region\" aria-labelledby=\"e-n-accordion-item-2020\" class=\"elementor-element elementor-element-b2a562e e-flex e-con-boxed e-con e-child\" data-id=\"b2a562e\" data-element_type=\"container\">\n\t\t\t\t\t<div class=\"e-con-inner\">\n\t\t\t\t<div class=\"elementor-element elementor-element-4c2801f elementor-widget elementor-widget-text-editor\" data-id=\"4c2801f\" data-element_type=\"widget\" data-widget_type=\"text-editor.default\">\n\t\t\t\t\t\t\t\t\t<p>A legt\u00f6bb bank 3 vagy 5 \u00e9ven bel\u00fcli v\u00e9gt\u00f6rleszt\u00e9skor visszak\u00e9ri r\u00e9szben vagy eg\u00e9szben a kiv\u00e1ltott hitel felv\u00e9telekor elengedett akci\u00f3s egyszeri d\u00edj kedvezm\u00e9nyeit is, ami k\u00fcl\u00f6n\u00f6sen igaz akkor, ha egy m\u00e1sik bank \u00e1ltal ny\u00fajtott hitelkiv\u00e1lt\u00f3 hitel a v\u00e9gt\u00f6rleszt\u00e9s forr\u00e1sa.<\/p>\t\t\t\t\t\t\t\t<\/div>\n\t\t\t\t\t<\/div>\n\t\t\t\t<\/div>\n\t\t\t\t<\/div>\n\t\t\t\t\t<\/details>\n\t\t\t\t\t<\/div>\n\t\t\t\t\t\t<\/div>\n\t\t\t\t<div class=\"elementor-element elementor-element-0cb43f2 elementor-widget elementor-widget-n-accordion\" data-id=\"0cb43f2\" data-element_type=\"widget\" data-settings=\"{&quot;default_state&quot;:&quot;all_collapsed&quot;,&quot;max_items_expended&quot;:&quot;one&quot;,&quot;n_accordion_animation_duration&quot;:{&quot;unit&quot;:&quot;ms&quot;,&quot;size&quot;:400,&quot;sizes&quot;:[]}}\" data-widget_type=\"nested-accordion.default\">\n\t\t\t\t\t\t\t<div class=\"e-n-accordion\" aria-label=\"Accordion. Open links with Enter or Space, close with Escape, and navigate with Arrow Keys\">\n\t\t\t\t\t\t<details id=\"e-n-accordion-item-1330\" class=\"e-n-accordion-item\" >\n\t\t\t\t<summary class=\"e-n-accordion-item-title\" data-accordion-index=\"1\" tabindex=\"0\" aria-expanded=\"false\" aria-controls=\"e-n-accordion-item-1330\" >\n\t\t\t\t\t<span class='e-n-accordion-item-title-header'><div class=\"e-n-accordion-item-title-text\"> Kell-e m\u00e9g t\u00f6rleszteni a r\u00e9gi hitelt, ha m\u00e1r folyamatban van az \u00faj megig\u00e9nyl\u00e9se? <\/div><\/span>\n\t\t\t\t\t\t\t<span class='e-n-accordion-item-title-icon'>\n\t\t\t<span class='e-opened' ><svg aria-hidden=\"true\" class=\"e-font-icon-svg e-fas-minus\" viewBox=\"0 0 448 512\" xmlns=\"http:\/\/www.w3.org\/2000\/svg\"><path d=\"M416 208H32c-17.67 0-32 14.33-32 32v32c0 17.67 14.33 32 32 32h384c17.67 0 32-14.33 32-32v-32c0-17.67-14.33-32-32-32z\"><\/path><\/svg><\/span>\n\t\t\t<span class='e-closed'><svg aria-hidden=\"true\" class=\"e-font-icon-svg e-fas-plus\" viewBox=\"0 0 448 512\" xmlns=\"http:\/\/www.w3.org\/2000\/svg\"><path d=\"M416 208H272V64c0-17.67-14.33-32-32-32h-32c-17.67 0-32 14.33-32 32v144H32c-17.67 0-32 14.33-32 32v32c0 17.67 14.33 32 32 32h144v144c0 17.67 14.33 32 32 32h32c17.67 0 32-14.33 32-32V304h144c17.67 0 32-14.33 32-32v-32c0-17.67-14.33-32-32-32z\"><\/path><\/svg><\/span>\n\t\t<\/span>\n\n\t\t\t\t\t\t<\/summary>\n\t\t\t\t<div role=\"region\" aria-labelledby=\"e-n-accordion-item-1330\" class=\"elementor-element elementor-element-7cdecd8 e-con-full e-flex e-con e-child\" data-id=\"7cdecd8\" data-element_type=\"container\">\n\t\t<div role=\"region\" aria-labelledby=\"e-n-accordion-item-1330\" class=\"elementor-element elementor-element-a8c0c3b e-flex e-con-boxed e-con e-child\" data-id=\"a8c0c3b\" data-element_type=\"container\">\n\t\t\t\t\t<div class=\"e-con-inner\">\n\t\t\t\t<div class=\"elementor-element elementor-element-69061d7 elementor-widget elementor-widget-text-editor\" data-id=\"69061d7\" data-element_type=\"widget\" data-widget_type=\"text-editor.default\">\n\t\t\t\t\t\t\t\t\t<p>T\u00f6bb \u00fcgyfel\u00fcnk is megkeresett m\u00e1r azzal a hajmereszt\u0151 \u00f6tlet\u00e9vel, hogy ha m\u00e1r elind\u00edtotta a hitelkiv\u00e1lt\u00e1s\u00e1t, akkor a r\u00e9gi bankj\u00e1nak nem is fizetne t\u00f6bbet. Mi ezt semmik\u00e9ppen sem javasoljuk! Annak ellen\u00e9re sem, hogy a hitelkiv\u00e1lt\u00e1sra specializ\u00e1l\u00f3dott bankok t\u00f6bbet k\u00f6z\u00f6tt pont ez\u00e9rt utalnak el m\u00e9g 1-2 havi t\u00f6rleszt\u0151nek megfelel\u0151 \u00f6sszeggel t\u00f6bbet a kiv\u00e1ltand\u00f3 banknak. M\u00e9g egyszer: az\u00e9rt botors\u00e1g ilyenbe belemenni, mert a hitelkiv\u00e1lt\u00e1s folyamata \u00e1ltal\u00e1ban t\u00f6bb h\u00f3nap, de semmik\u00e9ppen sem 1-2 h\u00e9t \u00e9s az egyik legf\u0151bb felt\u00e9tele a megfelel\u0151 hitelm\u00falt igazol\u00e1sa. Na most, ha valaki a bead\u00e1s pillanat\u00e1ban \u00e9ppen makul\u00e1tlan hitelm\u00falttal rendelkezik, de ut\u00e1na m\u00e1r nem fizet t\u00f6bbet, viszont egy esetlegesen elh\u00faz\u00f3d\u00f3 \u00fcgymenet miatt a kiv\u00e1lt\u00f3 bank bek\u00e9r m\u00e9g a hitel\u00fcgyint\u00e9z\u00e9s alatt eltelt 1-2 h\u00f3napr\u00f3l is kivonatokat, amiken nem l\u00e1tja a t\u00f6rleszt\u00e9seket, akkor vajon mit fog az \u00d6n fizet\u00e9si fegyelm\u00e9r\u0151l gondolni?<\/p>\t\t\t\t\t\t\t\t<\/div>\n\t\t\t\t\t<\/div>\n\t\t\t\t<\/div>\n\t\t\t\t<\/div>\n\t\t\t\t\t<\/details>\n\t\t\t\t\t<\/div>\n\t\t\t\t\t\t<\/div>\n\t\t\t\t<\/div>\n\t\t\t\t\t<\/div>\n\t\t\t\t<\/div>\n\t\t\t\t<\/div>\n\t\t","protected":false},"excerpt":{"rendered":"<p>Hitelkiv\u00e1lt\u00f3 hitelt a bank hitelkiv\u00e1lt\u00e1sra ad. Teh\u00e1t jellemz\u0151en nem kapcsol\u00f3dik hozz\u00e1 sem szabad felhaszn\u00e1l\u00e1s\u00fa r\u00e9sz, sem pedig semmi egy\u00e9b, nem jelz\u00e1log alap\u00fa hitel belefoglal\u00e1sa. Mi tartozhat azonban bele m\u00e9gis a kiv\u00e1ltand\u00f3 t\u0151k\u00e9n fel\u00fcl? Tartal\u00e9kk\u00e9pz\u00e9s A hitelkiv\u00e1lt\u00e1st biztos\u00edt\u00f3 bank csak akkor utalja el a kiv\u00e1ltand\u00f3 t\u0151k\u00e9t, ha biztos lehet benne, hogy a kiv\u00e1ltott hitelt a kiv\u00e1ltand\u00f3 [&hellip;]<\/p>\n","protected":false},"author":1,"featured_media":0,"parent":0,"menu_order":0,"comment_status":"closed","ping_status":"closed","template":"elementor_header_footer","meta":{"footnotes":""},"class_list":["post-87","page","type-page","status-publish","hentry"],"_links":{"self":[{"href":"https:\/\/uj.okoshitel.hu\/index.php\/wp-json\/wp\/v2\/pages\/87","targetHints":{"allow":["GET"]}}],"collection":[{"href":"https:\/\/uj.okoshitel.hu\/index.php\/wp-json\/wp\/v2\/pages"}],"about":[{"href":"https:\/\/uj.okoshitel.hu\/index.php\/wp-json\/wp\/v2\/types\/page"}],"author":[{"embeddable":true,"href":"https:\/\/uj.okoshitel.hu\/index.php\/wp-json\/wp\/v2\/users\/1"}],"replies":[{"embeddable":true,"href":"https:\/\/uj.okoshitel.hu\/index.php\/wp-json\/wp\/v2\/comments?post=87"}],"version-history":[{"count":14,"href":"https:\/\/uj.okoshitel.hu\/index.php\/wp-json\/wp\/v2\/pages\/87\/revisions"}],"predecessor-version":[{"id":1376,"href":"https:\/\/uj.okoshitel.hu\/index.php\/wp-json\/wp\/v2\/pages\/87\/revisions\/1376"}],"wp:attachment":[{"href":"https:\/\/uj.okoshitel.hu\/index.php\/wp-json\/wp\/v2\/media?parent=87"}],"curies":[{"name":"wp","href":"https:\/\/api.w.org\/{rel}","templated":true}]}}