{"id":39,"date":"2024-05-14T12:27:10","date_gmt":"2024-05-14T12:27:10","guid":{"rendered":"https:\/\/uj.okoshitel.hu\/?page_id=39"},"modified":"2026-03-10T16:45:51","modified_gmt":"2026-03-10T16:45:51","slug":"kapcsolat","status":"publish","type":"page","link":"https:\/\/uj.okoshitel.hu\/index.php\/kapcsolat\/","title":{"rendered":"Kapcsolat"},"content":{"rendered":"\t\t<div data-elementor-type=\"wp-page\" data-elementor-id=\"39\" class=\"elementor elementor-39\" data-elementor-post-type=\"page\">\n\t\t\t\t<div class=\"elementor-element elementor-element-e879cf9 e-flex e-con-boxed e-con e-parent\" data-id=\"e879cf9\" data-element_type=\"container\" data-settings=\"{&quot;background_background&quot;:&quot;gradient&quot;}\">\n\t\t\t\t\t<div class=\"e-con-inner\">\n\t\t\t\t<div class=\"elementor-element elementor-element-4ed2b9a elementor-widget elementor-widget-heading\" data-id=\"4ed2b9a\" data-element_type=\"widget\" data-widget_type=\"heading.default\">\n\t\t\t\t\t<h1 class=\"elementor-heading-title elementor-size-default\">Kapcsolat<\/h1>\t\t\t\t<\/div>\n\t\t\t\t<div class=\"elementor-element elementor-element-a72d200 elementor-widget elementor-widget-text-editor\" data-id=\"a72d200\" data-element_type=\"widget\" data-widget_type=\"text-editor.default\">\n\t\t\t\t\t\t\t\t\t<p>K\u00e9rj\u00fck, t\u00e1rgyal\u00e1si sz\u00e1nd\u00e9k\u00e1t az\u00a0<strong>aj\u00e1nlatk\u00e9r\u0151 \u0171rlap<\/strong>\u00a0bek\u00fcld\u00e9s\u00e9vel jelezze, vagy keressen meg benn\u00fcnket a lenti el\u00e9rhet\u0151s\u00e9gek valamelyik\u00e9n:<\/p>\t\t\t\t\t\t\t\t<\/div>\n\t\t\t\t\t<\/div>\n\t\t\t\t<\/div>\n\t\t<div class=\"elementor-element elementor-element-4d5d1b7 e-flex e-con-boxed e-con e-parent\" data-id=\"4d5d1b7\" data-element_type=\"container\">\n\t\t\t\t\t<div class=\"e-con-inner\">\n\t\t<div class=\"elementor-element elementor-element-57cf6e9 e-con-full e-flex e-con e-child\" data-id=\"57cf6e9\" data-element_type=\"container\">\n\t\t\t\t<div class=\"elementor-element elementor-element-dbc4018 elementor-widget elementor-widget-image\" data-id=\"dbc4018\" data-element_type=\"widget\" data-widget_type=\"image.default\">\n\t\t\t\t\t\t\t\t\t\t\t\t\t\t\t<img fetchpriority=\"high\" decoding=\"async\" width=\"612\" height=\"408\" src=\"https:\/\/uj.okoshitel.hu\/wp-content\/uploads\/2025\/08\/istockphoto-2187465802-612x612-1.jpg\" class=\"attachment-large size-large wp-image-1071\" alt=\"\" srcset=\"https:\/\/uj.okoshitel.hu\/wp-content\/uploads\/2025\/08\/istockphoto-2187465802-612x612-1.jpg 612w, https:\/\/uj.okoshitel.hu\/wp-content\/uploads\/2025\/08\/istockphoto-2187465802-612x612-1-300x200.jpg 300w\" sizes=\"(max-width: 612px) 100vw, 612px\" \/>\t\t\t\t\t\t\t\t\t\t\t\t\t\t\t<\/div>\n\t\t\t\t<div class=\"elementor-element elementor-element-cedd444 elementor-icon-list--layout-traditional elementor-list-item-link-full_width elementor-widget elementor-widget-icon-list\" data-id=\"cedd444\" data-element_type=\"widget\" data-widget_type=\"icon-list.default\">\n\t\t\t\t\t\t\t<ul class=\"elementor-icon-list-items\">\n\t\t\t\t\t\t\t<li class=\"elementor-icon-list-item\">\n\t\t\t\t\t\t\t\t\t\t\t<a href=\"tel:36%201%20436%200188\">\n\n\t\t\t\t\t\t\t\t\t\t\t\t<span class=\"elementor-icon-list-icon\">\n\t\t\t\t\t\t\t<svg aria-hidden=\"true\" class=\"e-font-icon-svg e-fas-phone-alt\" viewBox=\"0 0 512 512\" xmlns=\"http:\/\/www.w3.org\/2000\/svg\"><path d=\"M497.39 361.8l-112-48a24 24 0 0 0-28 6.9l-49.6 60.6A370.66 370.66 0 0 1 130.6 204.11l60.6-49.6a23.94 23.94 0 0 0 6.9-28l-48-112A24.16 24.16 0 0 0 122.6.61l-104 24A24 24 0 0 0 0 48c0 256.5 207.9 464 464 464a24 24 0 0 0 23.4-18.6l24-104a24.29 24.29 0 0 0-14.01-27.6z\"><\/path><\/svg>\t\t\t\t\t\t<\/span>\n\t\t\t\t\t\t\t\t\t\t<span class=\"elementor-icon-list-text\">Telefon: 36 1 436 0188<\/span>\n\t\t\t\t\t\t\t\t\t\t\t<\/a>\n\t\t\t\t\t\t\t\t\t<\/li>\n\t\t\t\t\t\t\t\t<li class=\"elementor-icon-list-item\">\n\t\t\t\t\t\t\t\t\t\t\t<a href=\"tel:06306078098\">\n\n\t\t\t\t\t\t\t\t\t\t\t\t<span class=\"elementor-icon-list-icon\">\n\t\t\t\t\t\t\t<svg aria-hidden=\"true\" class=\"e-font-icon-svg e-fas-phone-alt\" viewBox=\"0 0 512 512\" xmlns=\"http:\/\/www.w3.org\/2000\/svg\"><path d=\"M497.39 361.8l-112-48a24 24 0 0 0-28 6.9l-49.6 60.6A370.66 370.66 0 0 1 130.6 204.11l60.6-49.6a23.94 23.94 0 0 0 6.9-28l-48-112A24.16 24.16 0 0 0 122.6.61l-104 24A24 24 0 0 0 0 48c0 256.5 207.9 464 464 464a24 24 0 0 0 23.4-18.6l24-104a24.29 24.29 0 0 0-14.01-27.6z\"><\/path><\/svg>\t\t\t\t\t\t<\/span>\n\t\t\t\t\t\t\t\t\t\t<span class=\"elementor-icon-list-text\">Mobil: 30\/607 8098<\/span>\n\t\t\t\t\t\t\t\t\t\t\t<\/a>\n\t\t\t\t\t\t\t\t\t<\/li>\n\t\t\t\t\t\t\t\t<li class=\"elementor-icon-list-item\">\n\t\t\t\t\t\t\t\t\t\t\t<a href=\"mailto:ugyfelszolgalat@okoshitel.hu\">\n\n\t\t\t\t\t\t\t\t\t\t\t\t<span class=\"elementor-icon-list-icon\">\n\t\t\t\t\t\t\t<svg aria-hidden=\"true\" class=\"e-font-icon-svg e-far-envelope\" viewBox=\"0 0 512 512\" xmlns=\"http:\/\/www.w3.org\/2000\/svg\"><path d=\"M464 64H48C21.49 64 0 85.49 0 112v288c0 26.51 21.49 48 48 48h416c26.51 0 48-21.49 48-48V112c0-26.51-21.49-48-48-48zm0 48v40.805c-22.422 18.259-58.168 46.651-134.587 106.49-16.841 13.247-50.201 45.072-73.413 44.701-23.208.375-56.579-31.459-73.413-44.701C106.18 199.465 70.425 171.067 48 152.805V112h416zM48 400V214.398c22.914 18.251 55.409 43.862 104.938 82.646 21.857 17.205 60.134 55.186 103.062 54.955 42.717.231 80.509-37.199 103.053-54.947 49.528-38.783 82.032-64.401 104.947-82.653V400H48z\"><\/path><\/svg>\t\t\t\t\t\t<\/span>\n\t\t\t\t\t\t\t\t\t\t<span class=\"elementor-icon-list-text\">E-mail: ugyfelszolgalat@okoshitel.hu<\/span>\n\t\t\t\t\t\t\t\t\t\t\t<\/a>\n\t\t\t\t\t\t\t\t\t<\/li>\n\t\t\t\t\t\t<\/ul>\n\t\t\t\t\t\t<\/div>\n\t\t\t\t<div class=\"elementor-element elementor-element-88dae08 elementor-widget elementor-widget-heading\" data-id=\"88dae08\" data-element_type=\"widget\" data-widget_type=\"heading.default\">\n\t\t\t\t\t<h3 class=\"elementor-heading-title elementor-size-default\">Szem\u00e9lyes t\u00e1rgyal\u00e1sra az al\u00e1bbi helysz\u00edneken van lehet\u0151s\u00e9g, mindenhol el\u0151zetes id\u0151pont egyeztet\u00e9s mellett!<\/h3>\t\t\t\t<\/div>\n\t\t\t\t<div class=\"elementor-element elementor-element-34d62dd elementor-widget elementor-widget-text-editor\" data-id=\"34d62dd\" data-element_type=\"widget\" data-widget_type=\"text-editor.default\">\n\t\t\t\t\t\t\t\t\t<ul><li><strong>Max Ingatlan Iroda: <\/strong>2040 Buda\u00f6rs, Templom t\u00e9r 22.<\/li><li><strong>B\u00e1zis Office Center: <\/strong>1027 Budapest, Horv\u00e1t utca 14-24.<\/li><\/ul>\t\t\t\t\t\t\t\t<\/div>\n\t\t\t\t<\/div>\n\t\t<div class=\"elementor-element elementor-element-9f68817 e-con-full e-flex e-con e-child\" data-id=\"9f68817\" data-element_type=\"container\">\n\t\t\t\t<div class=\"elementor-element elementor-element-da05762 elementor-widget elementor-widget-heading\" data-id=\"da05762\" data-element_type=\"widget\" data-widget_type=\"heading.default\">\n\t\t\t\t\t<h2 class=\"elementor-heading-title elementor-size-default\">Aj\u00e1nlatk\u00e9r\u00e9s<\/h2>\t\t\t\t<\/div>\n\t\t\t\t<div class=\"elementor-element elementor-element-26dd199 elementor-widget elementor-widget-text-editor\" data-id=\"26dd199\" data-element_type=\"widget\" data-widget_type=\"text-editor.default\">\n\t\t\t\t\t\t\t\t\t<p>Az aj\u00e1nlatk\u00e9r\u0151 \u0171rlap kit\u00f6lt\u00e9se egy percet sem vesz ig\u00e9nybe. K\u00e9rj\u00fck, a csillaggal jel\u00f6lt k\u00f6telez\u0151 mez\u0151ket legyen kedves hi\u00e1nytalanul kit\u00f6lteni.<\/p>\t\t\t\t\t\t\t\t<\/div>\n\t\t\t\t<div class=\"elementor-element elementor-element-e46ae65 elementor-button-align-stretch elementor-widget elementor-widget-form\" data-id=\"e46ae65\" data-element_type=\"widget\" data-settings=\"{&quot;button_width&quot;:&quot;33&quot;,&quot;step_next_label&quot;:&quot;K\\u00f6vetkez\\u0151&quot;,&quot;step_previous_label&quot;:&quot;El\\u0151z\\u0151&quot;,&quot;step_type&quot;:&quot;number_text&quot;,&quot;step_icon_shape&quot;:&quot;circle&quot;}\" data-widget_type=\"form.default\">\n\t\t\t\t\t\t\t<form class=\"elementor-form\" method=\"post\" name=\"Aj\u00e1nlatk\u00e9r\u0151\" aria-label=\"Aj\u00e1nlatk\u00e9r\u0151\">\n\t\t\t<input type=\"hidden\" name=\"post_id\" value=\"39\"\/>\n\t\t\t<input type=\"hidden\" name=\"form_id\" value=\"e46ae65\"\/>\n\t\t\t<input type=\"hidden\" name=\"referer_title\" value=\"Kapcsolat\" \/>\n\n\t\t\t\t\t\t\t<input type=\"hidden\" name=\"queried_id\" value=\"39\"\/>\n\t\t\t\n\t\t\t<div class=\"elementor-form-fields-wrapper elementor-labels-above\">\n\t\t\t\t\t\t\t\t<div class=\"elementor-field-type-checkbox elementor-field-group elementor-column elementor-field-group-field_8fe9afe elementor-col-100\">\n\t\t\t\t\t\t\t\t\t\t\t\t<label for=\"form-field-field_8fe9afe\" class=\"elementor-field-label\">\n\t\t\t\t\t\t\t\tMi a hitel felv\u00e9tel\u00e9nek c\u00e9lja?\t\t\t\t\t\t\t<\/label>\n\t\t\t\t\t\t<div class=\"elementor-field-subgroup  \"><span class=\"elementor-field-option\"><input type=\"checkbox\" value=\"Otthon Start Program\" id=\"form-field-field_8fe9afe-0\" name=\"form_fields[field_8fe9afe][]\"> <label for=\"form-field-field_8fe9afe-0\">Otthon Start Program<\/label><\/span><span class=\"elementor-field-option\"><input type=\"checkbox\" value=\"CSOK Plusz\" id=\"form-field-field_8fe9afe-1\" name=\"form_fields[field_8fe9afe][]\"> <label for=\"form-field-field_8fe9afe-1\">CSOK Plusz<\/label><\/span><span class=\"elementor-field-option\"><input type=\"checkbox\" value=\"Lak\u00e1sv\u00e1s\u00e1rl\u00e1s piaci kamatoz\u00e1s\u00fa lak\u00e1shitellel\" id=\"form-field-field_8fe9afe-2\" name=\"form_fields[field_8fe9afe][]\"> <label for=\"form-field-field_8fe9afe-2\">Lak\u00e1sv\u00e1s\u00e1rl\u00e1s piaci kamatoz\u00e1s\u00fa lak\u00e1shitellel<\/label><\/span><span class=\"elementor-field-option\"><input type=\"checkbox\" value=\"\u00c9p\u00edt\u00e9s\" id=\"form-field-field_8fe9afe-3\" name=\"form_fields[field_8fe9afe][]\"> <label for=\"form-field-field_8fe9afe-3\">\u00c9p\u00edt\u00e9s<\/label><\/span><span class=\"elementor-field-option\"><input type=\"checkbox\" value=\"Szabad felhaszn\u00e1l\u00e1s\u00fa hitel\" id=\"form-field-field_8fe9afe-4\" name=\"form_fields[field_8fe9afe][]\"> <label for=\"form-field-field_8fe9afe-4\">Szabad felhaszn\u00e1l\u00e1s\u00fa hitel<\/label><\/span><span class=\"elementor-field-option\"><input type=\"checkbox\" value=\"Hitelkiv\u00e1lt\u00e1s\" id=\"form-field-field_8fe9afe-5\" name=\"form_fields[field_8fe9afe][]\"> <label for=\"form-field-field_8fe9afe-5\">Hitelkiv\u00e1lt\u00e1s<\/label><\/span><span class=\"elementor-field-option\"><input type=\"checkbox\" value=\"Ad\u00f3ss\u00e1grendez\u00e9s\" id=\"form-field-field_8fe9afe-6\" name=\"form_fields[field_8fe9afe][]\"> <label for=\"form-field-field_8fe9afe-6\">Ad\u00f3ss\u00e1grendez\u00e9s<\/label><\/span><span class=\"elementor-field-option\"><input type=\"checkbox\" value=\"Fel\u00faj\u00edt\u00e1s\" id=\"form-field-field_8fe9afe-7\" name=\"form_fields[field_8fe9afe][]\"> <label for=\"form-field-field_8fe9afe-7\">Fel\u00faj\u00edt\u00e1s<\/label><\/span><span class=\"elementor-field-option\"><input type=\"checkbox\" value=\"Korszer\u0171s\u00edt\u00e9s\" id=\"form-field-field_8fe9afe-8\" name=\"form_fields[field_8fe9afe][]\"> <label for=\"form-field-field_8fe9afe-8\">Korszer\u0171s\u00edt\u00e9s<\/label><\/span><span class=\"elementor-field-option\"><input type=\"checkbox\" value=\"B\u0151v\u00edt\u00e9s\" id=\"form-field-field_8fe9afe-9\" name=\"form_fields[field_8fe9afe][]\"> <label for=\"form-field-field_8fe9afe-9\">B\u0151v\u00edt\u00e9s<\/label><\/span><\/div>\t\t\t\t<\/div>\n\t\t\t\t\t\t\t\t<div class=\"elementor-field-type-text elementor-field-group elementor-column elementor-field-group-field_23ef528 elementor-col-100\">\n\t\t\t\t\t\t\t\t\t\t\t\t<label for=\"form-field-field_23ef528\" class=\"elementor-field-label\">\n\t\t\t\t\t\t\t\tTervezett hitel\u00f6sszeg*\t\t\t\t\t\t\t<\/label>\n\t\t\t\t\t\t\t\t\t\t\t\t\t\t<input size=\"1\" type=\"text\" name=\"form_fields[field_23ef528]\" id=\"form-field-field_23ef528\" class=\"elementor-field elementor-size-sm  elementor-field-textual\" placeholder=\"pl. 10.000.000 Ft\">\n\t\t\t\t\t\t\t\t\t\t\t<\/div>\n\t\t\t\t\t\t\t\t<div class=\"elementor-field-type-select elementor-field-group elementor-column elementor-field-group-field_c8d6720 elementor-col-100\">\n\t\t\t\t\t\t\t\t\t\t\t\t<label for=\"form-field-field_c8d6720\" class=\"elementor-field-label\">\n\t\t\t\t\t\t\t\tMikorra lenne sz\u00fcks\u00e9ge a hitelre?\t\t\t\t\t\t\t<\/label>\n\t\t\t\t\t\t\t\t<div class=\"elementor-field elementor-select-wrapper remove-before \">\n\t\t\t<div class=\"select-caret-down-wrapper\">\n\t\t\t\t<svg aria-hidden=\"true\" class=\"e-font-icon-svg e-eicon-caret-down\" viewBox=\"0 0 571.4 571.4\" xmlns=\"http:\/\/www.w3.org\/2000\/svg\"><path d=\"M571 393Q571 407 561 418L311 668Q300 679 286 679T261 668L11 418Q0 407 0 393T11 368 36 357H536Q550 357 561 368T571 393Z\"><\/path><\/svg>\t\t\t<\/div>\n\t\t\t<select name=\"form_fields[field_c8d6720]\" id=\"form-field-field_c8d6720\" class=\"elementor-field-textual elementor-size-sm\">\n\t\t\t\t\t\t\t\t\t<option value=\"1 h\u00f3napon bel\u00fcl\">1 h\u00f3napon bel\u00fcl<\/option>\n\t\t\t\t\t\t\t\t\t<option value=\"3 h\u00f3napon bel\u00fcl\">3 h\u00f3napon bel\u00fcl<\/option>\n\t\t\t\t\t\t\t\t\t<option value=\"6 h\u00f3napon bel\u00fcl\">6 h\u00f3napon bel\u00fcl<\/option>\n\t\t\t\t\t\t\t\t\t<option value=\"1 \u00e9ven bel\u00fcl\">1 \u00e9ven bel\u00fcl<\/option>\n\t\t\t\t\t\t\t\t\t<option value=\"Nem tudom, csak n\u00e9zel\u0151dtem\">Nem tudom, csak n\u00e9zel\u0151dtem<\/option>\n\t\t\t\t\t\t\t<\/select>\n\t\t<\/div>\n\t\t\t\t\t\t<\/div>\n\t\t\t\t\t\t\t\t<div class=\"elementor-field-type-text elementor-field-group elementor-column elementor-field-group-name elementor-col-100\">\n\t\t\t\t\t\t\t\t\t\t\t\t<label for=\"form-field-name\" class=\"elementor-field-label\">\n\t\t\t\t\t\t\t\tN\u00e9v\t\t\t\t\t\t\t<\/label>\n\t\t\t\t\t\t\t\t\t\t\t\t\t\t<input size=\"1\" type=\"text\" name=\"form_fields[name]\" id=\"form-field-name\" class=\"elementor-field elementor-size-sm  elementor-field-textual\" placeholder=\"N\u00e9v\">\n\t\t\t\t\t\t\t\t\t\t\t<\/div>\n\t\t\t\t\t\t\t\t<div class=\"elementor-field-type-email elementor-field-group elementor-column elementor-field-group-email elementor-col-100 elementor-field-required\">\n\t\t\t\t\t\t\t\t\t\t\t\t<label for=\"form-field-email\" class=\"elementor-field-label\">\n\t\t\t\t\t\t\t\tEmail\t\t\t\t\t\t\t<\/label>\n\t\t\t\t\t\t\t\t\t\t\t\t\t\t<input size=\"1\" type=\"email\" name=\"form_fields[email]\" id=\"form-field-email\" class=\"elementor-field elementor-size-sm  elementor-field-textual\" placeholder=\"Email\" required=\"required\">\n\t\t\t\t\t\t\t\t\t\t\t<\/div>\n\t\t\t\t\t\t\t\t<div class=\"elementor-field-type-tel elementor-field-group elementor-column elementor-field-group-field_abdbd88 elementor-col-100\">\n\t\t\t\t\t\t\t\t\t\t\t\t<label for=\"form-field-field_abdbd88\" class=\"elementor-field-label\">\n\t\t\t\t\t\t\t\tTelefonsz\u00e1m\t\t\t\t\t\t\t<\/label>\n\t\t\t\t\t\t\t\t<input size=\"1\" type=\"tel\" name=\"form_fields[field_abdbd88]\" id=\"form-field-field_abdbd88\" class=\"elementor-field elementor-size-sm  elementor-field-textual\" pattern=\"[0-9()#&amp;+*-=.]+\" title=\"Only numbers and phone characters (#, -, *, etc) are accepted.\">\n\n\t\t\t\t\t\t<\/div>\n\t\t\t\t\t\t\t\t<div class=\"elementor-field-type-select elementor-field-group elementor-column elementor-field-group-field_6844201 elementor-col-100\">\n\t\t\t\t\t\t\t\t\t\t\t\t<label for=\"form-field-field_6844201\" class=\"elementor-field-label\">\n\t\t\t\t\t\t\t\tMelyik irod\u00e1nkban szeretne szem\u00e9lyesen t\u00e1rgyalni?\t\t\t\t\t\t\t<\/label>\n\t\t\t\t\t\t\t\t<div class=\"elementor-field elementor-select-wrapper remove-before \">\n\t\t\t<div class=\"select-caret-down-wrapper\">\n\t\t\t\t<svg aria-hidden=\"true\" class=\"e-font-icon-svg e-eicon-caret-down\" viewBox=\"0 0 571.4 571.4\" xmlns=\"http:\/\/www.w3.org\/2000\/svg\"><path d=\"M571 393Q571 407 561 418L311 668Q300 679 286 679T261 668L11 418Q0 407 0 393T11 368 36 357H536Q550 357 561 368T571 393Z\"><\/path><\/svg>\t\t\t<\/div>\n\t\t\t<select name=\"form_fields[field_6844201]\" id=\"form-field-field_6844201\" class=\"elementor-field-textual elementor-size-sm\">\n\t\t\t\t\t\t\t\t\t<option value=\"B\u00e1zis Office Center (1027 Budapest  Horv\u00e1t utca 14-24.)\">B\u00e1zis Office Center (1027 Budapest  Horv\u00e1t utca 14-24.)<\/option>\n\t\t\t\t\t\t\t\t\t<option value=\"Buda\u00f6rsi Iroda (2040 Buda\u00f6rs  Templom t\u00e9r 22.)\">Buda\u00f6rsi Iroda (2040 Buda\u00f6rs  Templom t\u00e9r 22.)<\/option>\n\t\t\t\t\t\t\t<\/select>\n\t\t<\/div>\n\t\t\t\t\t\t<\/div>\n\t\t\t\t\t\t\t\t<div class=\"elementor-field-group elementor-column elementor-field-type-submit elementor-col-33 e-form__buttons\">\n\t\t\t\t\t<button class=\"elementor-button elementor-size-sm\" type=\"submit\">\n\t\t\t\t\t\t<span class=\"elementor-button-content-wrapper\">\n\t\t\t\t\t\t\t\t\t\t\t\t\t\t\t\t\t\t\t\t\t\t<span class=\"elementor-button-text\">Aj\u00e1nlatk\u00e9r\u00e9s<\/span>\n\t\t\t\t\t\t\t\t\t\t\t\t\t<\/span>\n\t\t\t\t\t<\/button>\n\t\t\t\t<\/div>\n\t\t\t<\/div>\n\t\t<\/form>\n\t\t\t\t\t\t<\/div>\n\t\t\t\t<\/div>\n\t\t\t\t\t<\/div>\n\t\t\t\t<\/div>\n\t\t<div class=\"elementor-element elementor-element-4d6147d e-con-full e-flex e-con e-parent\" data-id=\"4d6147d\" data-element_type=\"container\">\n\t\t\t\t<div class=\"elementor-element elementor-element-56135ae elementor-widget elementor-widget-google_maps\" data-id=\"56135ae\" data-element_type=\"widget\" data-widget_type=\"google_maps.default\">\n\t\t\t\t\t\t\t<div class=\"elementor-custom-embed\">\n\t\t\t<iframe loading=\"lazy\"\n\t\t\t\t\tsrc=\"https:\/\/maps.google.com\/maps?q=1033%20Budapest%2C%20F%C5%91%20t%C3%A9r%202&#038;t=m&#038;z=16&#038;output=embed&#038;iwloc=near\"\n\t\t\t\t\ttitle=\"1033 Budapest, F\u0151 t\u00e9r 2\"\n\t\t\t\t\taria-label=\"1033 Budapest, F\u0151 t\u00e9r 2\"\n\t\t\t><\/iframe>\n\t\t<\/div>\n\t\t\t\t\t\t<\/div>\n\t\t\t\t<\/div>\n\t\t\t\t<\/div>\n\t\t","protected":false},"excerpt":{"rendered":"<p>K\u00e9rj\u00fck, t\u00e1rgyal\u00e1si sz\u00e1nd\u00e9k\u00e1t az\u00a0aj\u00e1nlatk\u00e9r\u0151 \u0171rlap\u00a0bek\u00fcld\u00e9s\u00e9vel jelezze, vagy keressen meg benn\u00fcnket a lenti el\u00e9rhet\u0151s\u00e9gek valamelyik\u00e9n: Telefon: 36 1 436 0188 Mobil: 30\/607 8098 E-mail: ugyfelszolgalat@okoshitel.hu Szem\u00e9lyes t\u00e1rgyal\u00e1sra az al\u00e1bbi helysz\u00edneken van lehet\u0151s\u00e9g, mindenhol el\u0151zetes id\u0151pont egyeztet\u00e9s mellett! Max Ingatlan Iroda: 2040 Buda\u00f6rs, Templom t\u00e9r 22. B\u00e1zis Office Center: 1027 Budapest, Horv\u00e1t utca 14-24. Aj\u00e1nlatk\u00e9r\u00e9s Az aj\u00e1nlatk\u00e9r\u0151 [&hellip;]<\/p>\n","protected":false},"author":1,"featured_media":0,"parent":0,"menu_order":0,"comment_status":"closed","ping_status":"closed","template":"elementor_header_footer","meta":{"footnotes":""},"class_list":["post-39","page","type-page","status-publish","hentry"],"_links":{"self":[{"href":"https:\/\/uj.okoshitel.hu\/index.php\/wp-json\/wp\/v2\/pages\/39","targetHints":{"allow":["GET"]}}],"collection":[{"href":"https:\/\/uj.okoshitel.hu\/index.php\/wp-json\/wp\/v2\/pages"}],"about":[{"href":"https:\/\/uj.okoshitel.hu\/index.php\/wp-json\/wp\/v2\/types\/page"}],"author":[{"embeddable":true,"href":"https:\/\/uj.okoshitel.hu\/index.php\/wp-json\/wp\/v2\/users\/1"}],"replies":[{"embeddable":true,"href":"https:\/\/uj.okoshitel.hu\/index.php\/wp-json\/wp\/v2\/comments?post=39"}],"version-history":[{"count":27,"href":"https:\/\/uj.okoshitel.hu\/index.php\/wp-json\/wp\/v2\/pages\/39\/revisions"}],"predecessor-version":[{"id":2362,"href":"https:\/\/uj.okoshitel.hu\/index.php\/wp-json\/wp\/v2\/pages\/39\/revisions\/2362"}],"wp:attachment":[{"href":"https:\/\/uj.okoshitel.hu\/index.php\/wp-json\/wp\/v2\/media?parent=39"}],"curies":[{"name":"wp","href":"https:\/\/api.w.org\/{rel}","templated":true}]}}