{"id":25,"date":"2024-05-14T12:24:34","date_gmt":"2024-05-14T12:24:34","guid":{"rendered":"https:\/\/uj.okoshitel.hu\/?page_id=25"},"modified":"2026-03-26T14:34:57","modified_gmt":"2026-03-26T14:34:57","slug":"hitelkozvetito","status":"publish","type":"page","link":"https:\/\/uj.okoshitel.hu\/index.php\/hitelkozvetito\/","title":{"rendered":"Hitelk\u00f6zvet\u00edt\u00e9s"},"content":{"rendered":"\t\t<div data-elementor-type=\"wp-page\" data-elementor-id=\"25\" class=\"elementor elementor-25\" data-elementor-post-type=\"page\">\n\t\t\t\t<div class=\"elementor-element elementor-element-d266746 e-flex e-con-boxed e-con e-parent\" data-id=\"d266746\" data-element_type=\"container\" data-settings=\"{&quot;background_background&quot;:&quot;gradient&quot;}\">\n\t\t\t\t\t<div class=\"e-con-inner\">\n\t\t\t\t<div class=\"elementor-element elementor-element-61c3773 elementor-widget elementor-widget-heading\" data-id=\"61c3773\" data-element_type=\"widget\" data-widget_type=\"heading.default\">\n\t\t\t\t\t<h1 class=\"elementor-heading-title elementor-size-default\">Hitelk\u00f6zvet\u00edt\u00e9s<\/h1>\t\t\t\t<\/div>\n\t\t\t\t<div class=\"elementor-element elementor-element-edbb6eb elementor-widget elementor-widget-text-editor\" data-id=\"edbb6eb\" data-element_type=\"widget\" data-widget_type=\"text-editor.default\">\n\t\t\t\t\t\t\t\t\t<p>Okoshitel hitelk\u00f6zvet\u00edt\u00e9s \u2013 ha csak a legjobbal \u00e9ri be!<\/p>\t\t\t\t\t\t\t\t<\/div>\n\t\t\t\t\t<\/div>\n\t\t\t\t<\/div>\n\t\t<div class=\"elementor-element elementor-element-bfa5278 e-flex e-con-boxed e-con e-parent\" data-id=\"bfa5278\" data-element_type=\"container\">\n\t\t\t\t\t<div class=\"e-con-inner\">\n\t\t<div class=\"elementor-element elementor-element-1d0376d e-con-full e-flex e-con e-child\" data-id=\"1d0376d\" data-element_type=\"container\">\n\t\t\t\t<div class=\"elementor-element elementor-element-f8c1c53 elementor-widget elementor-widget-text-editor\" data-id=\"f8c1c53\" data-element_type=\"widget\" data-widget_type=\"text-editor.default\">\n\t\t\t\t\t\t\t\t\t<p>Hitelt felvenni szinte b\u00e1rki tud. \u00d6n\u00e1ll\u00f3an, bes\u00e9t\u00e1lva a bankba vagy hitelk\u00f6zvet\u00edt\u0151t ig\u00e9nybe v\u00e9ve. Ha ez ilyen egyszer\u0171, akkor mi\u00e9rt hallani annyit a hitelesek probl\u00e9m\u00e1ir\u00f3l? Nos az\u00e9rt, mert nem mindegy, hogy hogyan \u00e9s hol vesz fel hitelt!<\/p>\t\t\t\t\t\t\t\t<\/div>\n\t\t\t\t<div class=\"elementor-element elementor-element-f15433d elementor-widget elementor-widget-text-editor\" data-id=\"f15433d\" data-element_type=\"widget\" data-widget_type=\"text-editor.default\">\n\t\t\t\t\t\t\t\t\tAz Okoshitel az\u00e9rt j\u00f6tt l\u00e9tre, hogy ne csak arra az egyszer\u0171 k\u00e9rd\u00e9sre tudjunk v\u00e1laszt adni \u00d6nnek, hogy hol kaphat hitelt, hanem arra is, hogy hol kaphat a legjobb felt\u00e9telekkel hitelt! Ez egy sokkal nehezebb feladat.\t\t\t\t\t\t\t\t<\/div>\n\t\t\t\t<div class=\"elementor-element elementor-element-4fedeee elementor-widget elementor-widget-n-accordion\" data-id=\"4fedeee\" data-element_type=\"widget\" data-settings=\"{&quot;default_state&quot;:&quot;all_collapsed&quot;,&quot;max_items_expended&quot;:&quot;one&quot;,&quot;n_accordion_animation_duration&quot;:{&quot;unit&quot;:&quot;ms&quot;,&quot;size&quot;:400,&quot;sizes&quot;:[]}}\" data-widget_type=\"nested-accordion.default\">\n\t\t\t\t\t\t\t<div class=\"e-n-accordion\" aria-label=\"Accordion. Open links with Enter or Space, close with Escape, and navigate with Arrow Keys\">\n\t\t\t\t\t\t<details id=\"e-n-accordion-item-8380\" class=\"e-n-accordion-item\" >\n\t\t\t\t<summary class=\"e-n-accordion-item-title\" data-accordion-index=\"1\" tabindex=\"0\" aria-expanded=\"false\" aria-controls=\"e-n-accordion-item-8380\" >\n\t\t\t\t\t<span class='e-n-accordion-item-title-header'><div class=\"e-n-accordion-item-title-text\"> Miben jelent ez t\u00f6bbet egy \u00e1tlagos banki hitelfelv\u00e9telhez k\u00e9pest? <\/div><\/span>\n\t\t\t\t\t\t\t<span class='e-n-accordion-item-title-icon'>\n\t\t\t<span class='e-opened' ><svg aria-hidden=\"true\" class=\"e-font-icon-svg e-fas-minus\" viewBox=\"0 0 448 512\" xmlns=\"http:\/\/www.w3.org\/2000\/svg\"><path d=\"M416 208H32c-17.67 0-32 14.33-32 32v32c0 17.67 14.33 32 32 32h384c17.67 0 32-14.33 32-32v-32c0-17.67-14.33-32-32-32z\"><\/path><\/svg><\/span>\n\t\t\t<span class='e-closed'><svg aria-hidden=\"true\" class=\"e-font-icon-svg e-fas-plus\" viewBox=\"0 0 448 512\" xmlns=\"http:\/\/www.w3.org\/2000\/svg\"><path d=\"M416 208H272V64c0-17.67-14.33-32-32-32h-32c-17.67 0-32 14.33-32 32v144H32c-17.67 0-32 14.33-32 32v32c0 17.67 14.33 32 32 32h144v144c0 17.67 14.33 32 32 32h32c17.67 0 32-14.33 32-32V304h144c17.67 0 32-14.33 32-32v-32c0-17.67-14.33-32-32-32z\"><\/path><\/svg><\/span>\n\t\t<\/span>\n\n\t\t\t\t\t\t<\/summary>\n\t\t\t\t<div role=\"region\" aria-labelledby=\"e-n-accordion-item-8380\" class=\"elementor-element elementor-element-d4c72af e-con-full e-flex e-con e-child\" data-id=\"d4c72af\" data-element_type=\"container\">\n\t\t<div role=\"region\" aria-labelledby=\"e-n-accordion-item-8380\" class=\"elementor-element elementor-element-a9f90e4 e-flex e-con-boxed e-con e-child\" data-id=\"a9f90e4\" data-element_type=\"container\">\n\t\t\t\t\t<div class=\"e-con-inner\">\n\t\t\t\t<div class=\"elementor-element elementor-element-c66fc36 elementor-widget elementor-widget-text-editor\" data-id=\"c66fc36\" data-element_type=\"widget\" data-widget_type=\"text-editor.default\">\n\t\t\t\t\t\t\t\t\t<p>Egy banki \u00fcgyint\u00e9z\u0151, tan\u00e1csad\u00f3, jelz\u00e1log specialista, hitelreferens, nevezz\u00e9k \u0151t b\u00e1rminek is a bankban, a legjobb esetben is csak arra a k\u00e9rd\u00e9s\u00e9re tud \u00d6nnek v\u00e1laszt adni, hogy n\u00e1luk \u00e9ppen milyen term\u00e9kek l\u00e9teznek \u00e9s azok k\u00f6z\u00fcl melyik az \u00d6n sz\u00e1m\u00e1ra legjobb v\u00e1laszt\u00e1s szerinte. Ez a legjobb eset. Ez akkor k\u00f6vetkezik be,<\/p><ul style=\"list-style-type: lower-alpha;\"><li style=\"list-style-type: none;\"><ul style=\"list-style-type: lower-alpha;\"><li>ha ismer mindent a k\u00edn\u00e1latukb\u00f3l (\u00e1tlag 30 term\u00e9kr\u0151l besz\u00e9l\u00fcnk bankonk\u00e9nt a jelz\u00e1loghitelek ter\u00e9n, teh\u00e1t kell\u0151en felk\u00e9sz\u00fclt).<\/li><li>ha van el\u00e9g ideje \u00d6nt alaposan v\u00e9gighallgatni a hitelig\u00e9ny\u00e9vel kapcsolatban (nincsen leterhelve mindenf\u00e9le adminisztr\u00e1ci\u00f3val)<\/li><li>l\u00e1tott m\u00e1r el\u00e9g hitel\u00fcgyletet \u00e9s azok k\u00f6z\u00f6tt az \u00d6n\u00e9hez hasonl\u00f3val is tal\u00e1lkozott m\u00e1r (el\u00e9g tapasztalt)<\/li><li>v\u00e9g\u00fcl \u00e9ppen nem olyan motiv\u00e1ci\u00f3s rendszerben van, ami arra sarkallja, hogy ne az \u00d6nnek esetleg valami\u00e9rt kedvez\u0151tlen, de a banknak kedvez\u0151, hanem kifejezetten az \u00d6nnek legkedvez\u0151bb hitelez\u00e9si megold\u00e1sra tudjon koncentr\u00e1lni.<\/li><\/ul><\/li><\/ul><p>Mit gondol, ez a n\u00e9gy felt\u00e9tel egyszerre h\u00e1ny helyen \u00e9s h\u00e1ny hitel\u00fcgyint\u00e9z\u0151n\u00e9l teljes\u00fcl marad\u00e9ktalanul? S\u00fagunk: elv\u00e9tve. Valamelyik alapfelt\u00e9tel mindig s\u00e9r\u00fcl, ez\u00e9rt a bankfi\u00f3kban kaphat\u00f3 hiteltan\u00e1csad\u00e1s eleve t\u00f6k\u00e9letlen tud csak lenni. Tisztelet a kiv\u00e9telnek!<\/p><p>Figyelem! Ezzel nem azt \u00e1ll\u00edtjuk, hogy nem \u00e9rtenek a hitelez\u00e9shez vagy f\u00e9lrevezetik \u00d6nt. Csup\u00e1n annyit, hogy nagyon ritka az olyan hitelreferens, akin\u00e9l megvan a megfelel\u0151 tud\u00e1s, van m\u00e9g el\u00e9g ideje elm\u00e9lyedni 1-1 \u00faj hitelk\u00e9relemben, l\u00e1tott m\u00e1r t\u00f6bb sz\u00e1z k\u00fcl\u00f6nf\u00e9le \u00fcgyletet \u00e9s \u00e9ppen olyan bankban \u00e9s fi\u00f3kban \u00fcl, ahol a motiv\u00e1ci\u00f3s rendszer arra \u00f6szt\u00f6nzi, hogy \u00d6nnek a legjobb hitelt adja.<\/p><p>De, m\u00e9g ha mindez teljes\u00fcl is, akkor is csak egyetlen bank k\u00edn\u00e1lat\u00e1ban tal\u00e1lta meg az \u00d6nnek legjobbat. Mi van akkor a t\u00f6bbivel? \u00c9rdemes-e azokn\u00e1l is keresg\u00e9lnie? Tapasztalataink szerint igen, mert nem csak \u00e1raz\u00e1sban, hanem a jelz\u00e1loghitelek minden egy\u00e9b felt\u00e9tel\u00e9ben is hatalmas k\u00fcl\u00f6nbs\u00e9gek tudnak lenni a bankok k\u00f6z\u00f6tt. A k\u00e9rd\u00e9s innent\u0151l kezdve m\u00e1r csak az, hogy ha \u00e9rdemes v\u00e9gign\u00e9znie azt a hitelpiacot, amin egyszerre egy id\u0151ben min. 300 k\u00fcl\u00f6nf\u00e9le jelz\u00e1loghitel vari\u00e1ci\u00f3 van, akkor van-e erre t\u00f6bb hete \u00e9s vajon t\u00e9nyleg meg fogja-e tal\u00e1lni az \u00d6nnek legink\u00e1bb megfelel\u0151t?<\/p>\t\t\t\t\t\t\t\t<\/div>\n\t\t\t\t\t<\/div>\n\t\t\t\t<\/div>\n\t\t\t\t<\/div>\n\t\t\t\t\t<\/details>\n\t\t\t\t\t<\/div>\n\t\t\t\t\t\t<\/div>\n\t\t\t\t<div class=\"elementor-element elementor-element-9a18aaf elementor-widget elementor-widget-n-accordion\" data-id=\"9a18aaf\" data-element_type=\"widget\" data-settings=\"{&quot;default_state&quot;:&quot;all_collapsed&quot;,&quot;max_items_expended&quot;:&quot;one&quot;,&quot;n_accordion_animation_duration&quot;:{&quot;unit&quot;:&quot;ms&quot;,&quot;size&quot;:400,&quot;sizes&quot;:[]}}\" data-widget_type=\"nested-accordion.default\">\n\t\t\t\t\t\t\t<div class=\"e-n-accordion\" aria-label=\"Accordion. Open links with Enter or Space, close with Escape, and navigate with Arrow Keys\">\n\t\t\t\t\t\t<details id=\"e-n-accordion-item-1610\" class=\"e-n-accordion-item\" >\n\t\t\t\t<summary class=\"e-n-accordion-item-title\" data-accordion-index=\"1\" tabindex=\"0\" aria-expanded=\"false\" aria-controls=\"e-n-accordion-item-1610\" >\n\t\t\t\t\t<span class='e-n-accordion-item-title-header'><div class=\"e-n-accordion-item-title-text\"> Miben ny\u00fajt az Okoshitel t\u00f6bbet egy \u00e1tlagos hitelk\u00f6zvet\u00edt\u0151h\u00f6z k\u00e9pest? <\/div><\/span>\n\t\t\t\t\t\t\t<span class='e-n-accordion-item-title-icon'>\n\t\t\t<span class='e-opened' ><svg aria-hidden=\"true\" class=\"e-font-icon-svg e-fas-minus\" viewBox=\"0 0 448 512\" xmlns=\"http:\/\/www.w3.org\/2000\/svg\"><path d=\"M416 208H32c-17.67 0-32 14.33-32 32v32c0 17.67 14.33 32 32 32h384c17.67 0 32-14.33 32-32v-32c0-17.67-14.33-32-32-32z\"><\/path><\/svg><\/span>\n\t\t\t<span class='e-closed'><svg aria-hidden=\"true\" class=\"e-font-icon-svg e-fas-plus\" viewBox=\"0 0 448 512\" xmlns=\"http:\/\/www.w3.org\/2000\/svg\"><path d=\"M416 208H272V64c0-17.67-14.33-32-32-32h-32c-17.67 0-32 14.33-32 32v144H32c-17.67 0-32 14.33-32 32v32c0 17.67 14.33 32 32 32h144v144c0 17.67 14.33 32 32 32h32c17.67 0 32-14.33 32-32V304h144c17.67 0 32-14.33 32-32v-32c0-17.67-14.33-32-32-32z\"><\/path><\/svg><\/span>\n\t\t<\/span>\n\n\t\t\t\t\t\t<\/summary>\n\t\t\t\t<div role=\"region\" aria-labelledby=\"e-n-accordion-item-1610\" class=\"elementor-element elementor-element-cdbdcff e-con-full e-flex e-con e-child\" data-id=\"cdbdcff\" data-element_type=\"container\">\n\t\t<div role=\"region\" aria-labelledby=\"e-n-accordion-item-1610\" class=\"elementor-element elementor-element-4894782 e-flex e-con-boxed e-con e-child\" data-id=\"4894782\" data-element_type=\"container\">\n\t\t\t\t\t<div class=\"e-con-inner\">\n\t\t\t\t<div class=\"elementor-element elementor-element-b72fb88 elementor-widget elementor-widget-text-editor\" data-id=\"b72fb88\" data-element_type=\"widget\" data-widget_type=\"text-editor.default\">\n\t\t\t\t\t\t\t\t\t<p>Egy \u00e1tlagos hitelk\u00f6zvet\u00edt\u0151 \u00e1tlagos sz\u00ednvonal\u00fa tan\u00e1csokkal tudja \u00d6nt ell\u00e1tni. Egy \u00e1tlagos hitelk\u00f6zvet\u00edt\u0151 k\u00f6z\u00e9pfok\u00fa v\u00e9gzetts\u00e9g\u0171, sok esetben egykori banki dolgoz\u00f3. Arra tud \u00e1ltal\u00e1ban \u00d6nnek v\u00e1laszt adni, hogy hol tudja elint\u00e9zni az \u00d6n hitel\u00e9t. Arra m\u00e1r nem felt\u00e9tlen\u00fcl, hogy hol j\u00e1rna a legjobban, hol lenne \u00e9rdemes hitelt felvennie \u00e9s hogyan. Egyszer\u0171en az\u00e9rt, mert az eg\u00e9sz m\u00e1s m\u00e9lys\u00e9g\u0171 tud\u00e1st felt\u00e9telez. Ahhoz az kell ugyanis, hogy<\/p><ul style=\"list-style-type: lower-alpha;\"><li>a hitelpiaci k\u00edn\u00e1lat szinte eg\u00e9sz\u00e9t ismerje (ez min. 300-f\u00e9le term\u00e9kvari\u00e1ci\u00f3 egy id\u0151ben)<\/li><li>legyen el\u00e9g ideje \u00d6nt v\u00e9gighallgatni \u00e9s alaposan k\u00f6rbej\u00e1rni hitel\u00e9nek minden jogi \u00e9s p\u00e9nz\u00fcgyi vonatkoz\u00e1s\u00e1t, a hitel felt\u00e9teleit<\/li><li>l\u00e1tott m\u00e1r el\u00e9g <a href=\"http:\/\/test.okoshitel.hu\/Hitelfelvetel.html\">hitelfelv\u00e9telt <\/a>\u00e9s azok k\u00f6z\u00f6tt az \u00d6n\u00e9hez hasonl\u00f3val is tal\u00e1lkozott m\u00e1r (el\u00e9g tapasztalt)<\/li><li>v\u00e9g\u00fcl k\u00e9pes elvonatkoztatni att\u00f3l, hogy melyik bankt\u00f3l mennyi jutal\u00e9kot kap, mert ha nem \u00e9s csak azt n\u00e9zi, hogy hol kap t\u00f6bbet, akkor m\u00e1ris s\u00e9r\u00fcl a f\u00fcggetlens\u00e9ge \u00e9s tan\u00e1csainak \u00e9rt\u00e9ke is az \u00d6n sz\u00e1m\u00e1ra.<\/li><\/ul><p>\u00a0<\/p><p>Az Okoshiteln\u00e9l kiz\u00e1r\u00f3lag olyan hiteltan\u00e1csad\u00f3 dolgozik, aki<\/p><ul style=\"list-style-type: lower-alpha;\"><li>k\u00f6zel a teljes piaci k\u00edn\u00e1latot haszn\u00e1lja (m\u00e9g mi sem \u00e1ll\u00edtjuk, hogy mindent, de majdnem mindent): erre bizony\u00edt\u00e9k, hogy az elm\u00falt 18 \u00e9v sor\u00e1n \u00f6sszesen 21 k\u00fcl\u00f6nb\u00f6z\u0151 bankn\u00e1l vitt\u00fcnk v\u00e9gig foly\u00f3s\u00edt\u00e1sig <a href=\"http:\/\/test.okoshitel.hu\/Hitelfelvetel.html\">hitelfelv\u00e9teleket.<\/a><\/li><li>kifejezetten alaposan szeret csak tan\u00e1csokat adni a hitelez\u00e9ssel kapcsolatban, mert \u00fagy l\u00e1tjuk, m\u00e1shogy magas sz\u00ednvonalon nem lehet (ez\u00e9rt is nem k\u00fcld\u00f6zget senkinek sem vakt\u00e1ban aj\u00e1nlatokat)<\/li><li>szakir\u00e1ny\u00fa fels\u0151fok\u00fa v\u00e9gzetts\u00e9g\u0171, azaz \u00e1ltal\u00e1ban k\u00f6zgazd\u00e1sz vagy min. 5 \u00e9ves hitelk\u00f6zvet\u00edt\u0151i tapasztalata van, emiatt szak\u00e9rtelemben \u00e9s tapasztalatban nem szenved hi\u00e1nyt<\/li><li>minden bank mindenf\u00e9le \u00fcgylete ut\u00e1n ugyanazt a j\u00f6vedelmet \u00e9lvezi, emiatt kifejezetten arra tud koncentr\u00e1lni, hogy megtal\u00e1lja \u00d6nnek a legkedvez\u0151bb hitelez\u00e9si megold\u00e1st.<\/li><\/ul><p>\u00a0<\/p><p><strong>Az Okoshitel ez\u00e9rt okos hitel. Emiatt van a hangs\u00faly a kiv\u00e1laszt\u00e1son, mik\u00f6zben r\u00e9sze a hitelk\u00f6zvet\u00edt\u0151i szolg\u00e1ltat\u00e1snak a hitel\u00fcgyint\u00e9z\u00e9s is term\u00e9szetesen.<\/strong><\/p>\t\t\t\t\t\t\t\t<\/div>\n\t\t\t\t\t<\/div>\n\t\t\t\t<\/div>\n\t\t\t\t<\/div>\n\t\t\t\t\t<\/details>\n\t\t\t\t\t<\/div>\n\t\t\t\t\t\t<\/div>\n\t\t\t\t<div class=\"elementor-element elementor-element-98343b9 elementor-widget elementor-widget-n-accordion\" data-id=\"98343b9\" data-element_type=\"widget\" data-settings=\"{&quot;default_state&quot;:&quot;all_collapsed&quot;,&quot;max_items_expended&quot;:&quot;one&quot;,&quot;n_accordion_animation_duration&quot;:{&quot;unit&quot;:&quot;ms&quot;,&quot;size&quot;:400,&quot;sizes&quot;:[]}}\" data-widget_type=\"nested-accordion.default\">\n\t\t\t\t\t\t\t<div class=\"e-n-accordion\" aria-label=\"Accordion. Open links with Enter or Space, close with Escape, and navigate with Arrow Keys\">\n\t\t\t\t\t\t<details id=\"e-n-accordion-item-1590\" class=\"e-n-accordion-item\" >\n\t\t\t\t<summary class=\"e-n-accordion-item-title\" data-accordion-index=\"1\" tabindex=\"0\" aria-expanded=\"false\" aria-controls=\"e-n-accordion-item-1590\" >\n\t\t\t\t\t<span class='e-n-accordion-item-title-header'><div class=\"e-n-accordion-item-title-text\"> Mi az, hogy legjobb hitel, a legjobb felt\u00e9telekkel? <\/div><\/span>\n\t\t\t\t\t\t\t<span class='e-n-accordion-item-title-icon'>\n\t\t\t<span class='e-opened' ><svg aria-hidden=\"true\" class=\"e-font-icon-svg e-fas-minus\" viewBox=\"0 0 448 512\" xmlns=\"http:\/\/www.w3.org\/2000\/svg\"><path d=\"M416 208H32c-17.67 0-32 14.33-32 32v32c0 17.67 14.33 32 32 32h384c17.67 0 32-14.33 32-32v-32c0-17.67-14.33-32-32-32z\"><\/path><\/svg><\/span>\n\t\t\t<span class='e-closed'><svg aria-hidden=\"true\" class=\"e-font-icon-svg e-fas-plus\" viewBox=\"0 0 448 512\" xmlns=\"http:\/\/www.w3.org\/2000\/svg\"><path d=\"M416 208H272V64c0-17.67-14.33-32-32-32h-32c-17.67 0-32 14.33-32 32v144H32c-17.67 0-32 14.33-32 32v32c0 17.67 14.33 32 32 32h144v144c0 17.67 14.33 32 32 32h32c17.67 0 32-14.33 32-32V304h144c17.67 0 32-14.33 32-32v-32c0-17.67-14.33-32-32-32z\"><\/path><\/svg><\/span>\n\t\t<\/span>\n\n\t\t\t\t\t\t<\/summary>\n\t\t\t\t<div role=\"region\" aria-labelledby=\"e-n-accordion-item-1590\" class=\"elementor-element elementor-element-00da0b4 e-con-full e-flex e-con e-child\" data-id=\"00da0b4\" data-element_type=\"container\">\n\t\t<div role=\"region\" aria-labelledby=\"e-n-accordion-item-1590\" class=\"elementor-element elementor-element-5335522 e-flex e-con-boxed e-con e-child\" data-id=\"5335522\" data-element_type=\"container\">\n\t\t\t\t\t<div class=\"e-con-inner\">\n\t\t\t\t<div class=\"elementor-element elementor-element-4c6b0fe elementor-widget elementor-widget-text-editor\" data-id=\"4c6b0fe\" data-element_type=\"widget\" data-widget_type=\"text-editor.default\">\n\t\t\t\t\t\t\t\t\tEz mindenkinek m\u00e1s. Nagyon fontos, hogy a legjobb hitel nem egyenl\u0151 a legolcs\u00f3bbal!!! Ha nem hiszi, k\u00e9rdezze meg egykoron jap\u00e1n jen vagy sv\u00e1jci frankos deviza jelz\u00e1loghitellel rendelkez\u0151 ismer\u0151seit. \u0150k m\u00e1r tudj\u00e1k. Mi az\u00e9rt is vagyunk, hogy \u00d6n ne ker\u00fclj\u00f6n hasonl\u00f3 helyzetbe.\n\nTeh\u00e1t a legjobb mindenkin\u00e9l \u00e9s minden hitelt\u00edpusn\u00e1l m\u00e1st jelent. Van,\n<ul style=\"list-style-type: lower-alpha;\">\n \t<li>akin\u00e9l maxim\u00e1lis hitel\u00f6sszeget, mert kicsi az \u00f6nereje,<\/li>\n \t<li>akin\u00e9l maxim\u00e1lis es\u00e9lyt, mert kev\u00e9s hitel lehet\u0151s\u00e9g k\u00f6z\u00fcl v\u00e1laszthat csak,<\/li>\n \t<li>akin\u00e9l a lehet\u0151 legr\u00f6videbb \u00e1tfut\u00e1si id\u0151t, mert nem fizet\u00e9s eset\u00e9n komoly k\u00e1r \u00e9ri (pl. elvesz\u00edti az adott foglal\u00f3j\u00e1t),<\/li>\n \t<li>akin\u00e9l maxim\u00e1lis kisz\u00e1m\u00edthat\u00f3s\u00e1got, mert hallott m\u00e1r eleget a hitelek kock\u00e1zatair\u00f3l \u00e9s a legt\u00f6bbre az el\u0151re l\u00e1that\u00f3, kisz\u00e1m\u00edthat\u00f3 hitelterm\u00e9keket tartja,<\/li>\n \t<li>akin\u00e9l a lehet\u0151 legkisebb k\u00f6lts\u00e9get, mert ha m\u00e1r hitelt vesz fel, akkor azt a lehet\u0151 legkisebb k\u00f6lts\u00e9g mellett szeretn\u00e9 megtenni, s v\u00e9g\u00fcl<\/li>\n \t<li>akin\u00e9l mindezek valamilyen kombin\u00e1ci\u00f3ja a fontos szempont a <a href=\"http:\/\/test.okoshitel.hu\/Hitelfelvetel.html\">hitelfelv\u00e9tel <\/a>sor\u00e1n<\/li>\n<\/ul>\n\u00d6n mondja meg, hogy milyen szempont szerint keress\u00fcnk \u00d6nnek hitelt a piacr\u00f3l, mi pedig megmutatjuk \u00d6nnek, hogy melyik bank milyen hitelaj\u00e1nlatot k\u00edn\u00e1l arra, amit \u00d6n keres. Addig k\u00e9rdez, am\u00edg nem kap v\u00e1laszt minden k\u00e9rd\u00e9s\u00e9re, mi pedig minden hitelr\u0151l elmondunk mindent, amit csak tudunk, j\u00f3t is, rosszat is. Nem mi d\u00f6nt\u00fcnk, hanem \u00d6n. Ell\u00e1tjuk viszont a j\u00f3 d\u00f6nt\u00e9shez sz\u00fcks\u00e9ges valamennyi el\u00e9rhet\u0151 inform\u00e1ci\u00f3val, amivel csak rendelkez\u00fcnk.\n\n&nbsp;\n\nC\u00e9lunk teh\u00e1t, hogy\n<ol>\n \t<li>a banki hitelaj\u00e1nlatok sokas\u00e1ga \u00e1tl\u00e1that\u00f3bb\u00e1,<\/li>\n \t<li>a hitelez\u00e9si \u00fcgymenet sikeress\u00e9ge kisz\u00e1m\u00edthat\u00f3bb\u00e1,<\/li>\n \t<li>a hitel\u00fcgyint\u00e9z\u00e9s gyorsabb\u00e1 \u00e9s rugalmasabb\u00e1 v\u00e1ljon az \u00d6n sz\u00e1m\u00e1ra..<\/li>\n<\/ol>\nMert tudjuk, hogy a <a href=\"http:\/\/test.okoshitel.hu\/Lakashitel.html\">lak\u00e1shitel<\/a> vagy egy\u00e9b jelz\u00e1loghitel felv\u00e9tel egy komoly, az \u00d6n \u00e9let\u00e9ben el\u0151fordul\u00f3 egyik legfontosabb p\u00e9nz\u00fcgyi d\u00f6nt\u00e9se lesz.\n\n&nbsp;\n\nFontos, hogy k\u00e9r\u00e9sre nem csup\u00e1n a hitelig\u00e9nyl\u00e9s alatt, hanem az eg\u00e9sz <a href=\"http:\/\/test.okoshitel.hu\/Hitelfelvetel.html\">hitelfelv\u00e9teli<\/a> folyamat alatt, \u00e9s azt k\u00f6vet\u0151en is ell\u00e1tjuk kell\u0151 mennyis\u00e9g\u0171 \u00e9s min\u0151s\u00e9g\u0171 inform\u00e1ci\u00f3val a hitelpiaci aj\u00e1nlatokr\u00f3l \u00e9s v\u00e1ltoz\u00e1sokr\u00f3l.\t\t\t\t\t\t\t\t<\/div>\n\t\t\t\t\t<\/div>\n\t\t\t\t<\/div>\n\t\t\t\t<\/div>\n\t\t\t\t\t<\/details>\n\t\t\t\t\t<\/div>\n\t\t\t\t\t\t<\/div>\n\t\t\t\t<\/div>\n\t\t\t\t\t<\/div>\n\t\t\t\t<\/div>\n\t\t\t\t<\/div>\n\t\t","protected":false},"excerpt":{"rendered":"<p>Okoshitel hitelk\u00f6zvet\u00edt\u00e9s \u2013 ha csak a legjobbal \u00e9ri be! Hitelt felvenni szinte b\u00e1rki tud. \u00d6n\u00e1ll\u00f3an, bes\u00e9t\u00e1lva a bankba vagy hitelk\u00f6zvet\u00edt\u0151t ig\u00e9nybe v\u00e9ve. Ha ez ilyen egyszer\u0171, akkor mi\u00e9rt hallani annyit a hitelesek probl\u00e9m\u00e1ir\u00f3l? Nos az\u00e9rt, mert nem mindegy, hogy hogyan \u00e9s hol vesz fel hitelt! Az Okoshitel az\u00e9rt j\u00f6tt l\u00e9tre, hogy ne csak arra az [&hellip;]<\/p>\n","protected":false},"author":1,"featured_media":0,"parent":0,"menu_order":0,"comment_status":"closed","ping_status":"closed","template":"elementor_header_footer","meta":{"footnotes":""},"class_list":["post-25","page","type-page","status-publish","hentry"],"_links":{"self":[{"href":"https:\/\/uj.okoshitel.hu\/index.php\/wp-json\/wp\/v2\/pages\/25","targetHints":{"allow":["GET"]}}],"collection":[{"href":"https:\/\/uj.okoshitel.hu\/index.php\/wp-json\/wp\/v2\/pages"}],"about":[{"href":"https:\/\/uj.okoshitel.hu\/index.php\/wp-json\/wp\/v2\/types\/page"}],"author":[{"embeddable":true,"href":"https:\/\/uj.okoshitel.hu\/index.php\/wp-json\/wp\/v2\/users\/1"}],"replies":[{"embeddable":true,"href":"https:\/\/uj.okoshitel.hu\/index.php\/wp-json\/wp\/v2\/comments?post=25"}],"version-history":[{"count":49,"href":"https:\/\/uj.okoshitel.hu\/index.php\/wp-json\/wp\/v2\/pages\/25\/revisions"}],"predecessor-version":[{"id":2436,"href":"https:\/\/uj.okoshitel.hu\/index.php\/wp-json\/wp\/v2\/pages\/25\/revisions\/2436"}],"wp:attachment":[{"href":"https:\/\/uj.okoshitel.hu\/index.php\/wp-json\/wp\/v2\/media?parent=25"}],"curies":[{"name":"wp","href":"https:\/\/api.w.org\/{rel}","templated":true}]}}